2/(-7) + (2144/56 - n). What is the highest common divisor of 270 and u?
30
Suppose -113729 = 32*f - 462785. What is the greatest common divisor of 1515 and f?
303
Suppose 765*g = 41*g + 11729185 + 2271527. What is the highest common divisor of 132 and g?
66
Let m(y) = -27*y - 165. Let k be m(-7). Suppose -5*n - 2*c + 192 = -12, 78 = 2*n - c. Calculate the highest common divisor of n and k.
8
Let j(g) be the third derivative of g**5/60 - 5*g**4/6 - 19*g**3/2 - 2*g**2 - 16. Let o be j(24). Calculate the highest common divisor of o and 52.
13
Suppose v + 3*a - 2859 = 0, -4*a = -3*v + 491 + 8073. Calculate the greatest common factor of 561 and v.
51
Let u = -13 + 16. Suppose -5*p - 3*x + 12 = 0, 0 = 2*x - 11 + u. Suppose p = -12*r + 1332 + 1548. Calculate the highest common divisor of 40 and r.
40
Let h(m) = m**2 - 36. Let g be h(15). Let q be (g/35)/((-3)/(-10)). Let w = 58 - q. What is the highest common divisor of w and 10?
10
Let z(a) = 613*a + 1 - 599*a - 14 - 10. Let d be z(5). Let v = d - 30. What is the greatest common divisor of 85 and v?
17
Suppose -13*p + 6*p = -59409. Calculate the greatest common factor of p and 18.
9
Let i be -108*((-27)/(-4) - 7). Let k be ((-190)/6)/((-9)/i). Calculate the highest common divisor of 209 and k.
19
Let n be (-162)/(-5) - 6/15. Let k(j) = j**2 - 6*j + 13. Let i be k(8). Suppose -i*r - 27 = -n*r. Calculate the greatest common divisor of 9 and r.
9
Let z(j) = 5*j**3 - 15*j**2 + 140*j + 16. Let p be z(8). Calculate the highest common factor of 19 and p.
19
Let z be (-8 - 1) + (-30)/195*-3263. Calculate the highest common factor of z and 58.
29
Suppose -4*s + 157 = y, -2*y = -4*s + 9*s - 200. Suppose -6*d + 31 = 13. Let p be ((-5)/(-4))/(d/228). What is the greatest common divisor of p and s?
19
Suppose -3*c + 1116 = 3*v - 762, c = -4*v + 623. Calculate the greatest common factor of 57 and c.
57
Let d be (4 - (5 + 7))/(2/(-9)). Suppose 36*z - 619 = 32*z + o, -z + 176 = 4*o. Calculate the highest common divisor of d and z.
12
Let n be ((-780)/45)/((-6)/279). Suppose 11*y - n + 135 = 0. Calculate the highest common divisor of y and 122.
61
Suppose -2*c = -5*g + 835 - 2, -1708 = 4*c + 4*g. Let m = c + 487. What is the greatest common divisor of 84 and m?
21
Let p = -15732 + 15871. What is the greatest common divisor of p and 1112?
139
Let i(q) = 4*q**2 - 111*q - 7. Let k be i(52). Suppose k + 2619 = 29*s. Calculate the greatest common divisor of s and 66.
66
Suppose 0 = k - t + 9, -2*k - 2*k + t - 27 = 0. Let u(f) = -160*f - 85. Let y be u(k). What is the greatest common factor of 25 and y?
25
Let l be ((-39)/(-78))/((-1)/(-10108)). Calculate the greatest common factor of 14 and l.
14
Let f = 2821 + -2704. Calculate the greatest common divisor of 27 and f.
9
Suppose -2*s = 502 - 508. Suppose -s*x + 24 = d, -5*d + 50 = -5*x + 10*x. Calculate the highest common divisor of 133 and x.
7
Suppose 2*s + 3*l - 79 = 0, -s + 3*l + 17 = -0*s. Suppose -4*g + 10*g = -972. Let x be g/(-10) - (-35)/(-175). Calculate the highest common divisor of x and s.
16
Suppose 0 = 10*d - 16*d - 1530. Let y = -236 - d. What is the greatest common factor of y and 817?
19
Let p(t) = -146 - 17*t - 25*t - 21*t + 39*t. Let h be p(-8). What is the highest common factor of h and 782?
46
Let x be (-2)/14 - (2781/(-21))/3. Calculate the highest common factor of 451 and x.
11
Let i(h) = 3479*h**2 - 3476*h**2 + 8*h + 1 - 6. Let z be i(-12). Suppose -245 = -8*f + z. Calculate the greatest common divisor of 16 and f.
8
Let t be 2*-6*(-3)/(-12). Let w(v) = -138*v + 4. Let c be w(t). Suppose 13*g - 608 = -3*g. Calculate the highest common divisor of c and g.
38
Let r = 1753 + -1701. What is the greatest common divisor of r and 1846?
26
Let y = -18368 + 18690. Calculate the greatest common factor of 598 and y.
46
Let r = 324 - 330. Let x be 2/r*(-323 - -44). What is the greatest common factor of 403 and x?
31
Let f be (12/(-8))/((-3)/18). Let u = 11 + f. Suppose -2*i - 472 = -3*v, -436 = -2*v - 4*i - 100. Calculate the highest common factor of v and u.
20
Let m be 6*-1*1*-22. Suppose -68*r + 57*r = 5*h - 147, 18 = r + 2*h. What is the highest common divisor of m and r?
12
Suppose -2*n + 502 = -4*p, 3*n - 27 = -42. Suppose 0*s = s - 134. Let x = s + p. What is the highest common divisor of 6 and x?
6
Let r be 783/58 - (-18)/12. Calculate the greatest common factor of 395 and r.
5
Let w(u) be the second derivative of 0*u**4 + 0 + 32*u + 7/5*u**5 + 1/3*u**3 - 3/2*u**2. Let o be w(1). Calculate the greatest common factor of 9 and o.
9
Let x be (15/((-30)/(-28)))/(-5)*1830/(-6). What is the greatest common factor of 70 and x?
14
Suppose -4483 = -5*m - 3*q + 4496, -q + 3 = 0. Calculate the greatest common factor of m and 78.
78
Let r(n) = -393*n + 495. Let g be r(-5). What is the highest common divisor of g and 75?
15
Suppose b - 328 = -3*n, 5*b + 0*n - 1640 = 2*n. Suppose 2*l = -586 + 668. What is the greatest common factor of l and b?
41
Let o(w) = -w**2 - w + 2. Let a(c) = 2*c - 3. Let q(u) = -3*a(u) - 4*o(u). Let l be q(3). Calculate the highest common divisor of 62 and l.
31
Let g(l) = 10*l**2 + 16*l - 41 - 2 - l**3 + 6. Let h be g(11). What is the highest common factor of 10 and h?
2
Let x(k) = -15*k + 45. Let a be x(-20). Let u = -259 + a. What is the greatest common factor of 602 and u?
86
Let u = 541 + -333. Suppose 2*y + h = 34, -5*y + 2*h = -69 - 7. Calculate the highest common factor of y and u.
16
Let i(c) = c**3 + 37*c**2 + 19*c + 62. Let t be i(-6). What is the highest common factor of 19 and t?
19
Let t(m) = -m**3 - 9*m**2 - 48*m + 14. Let c be t(-10). Calculate the highest common divisor of 66 and c.
66
Suppose 0 = -3*d - 3 - 0, c - 5*d - 10 = 0. Suppose -168 = -4*w - 2*k, -k = -c*w + 4*k + 180. Calculate the greatest common factor of 120 and w.
40
Suppose 9*z + 60 = 4*z. Let j be 8/6*((-243)/z)/9. What is the greatest common divisor of 48 and j?
3
Let s be 132/8*79/((-22594)/(-1404)). Suppose -633 + 201 = -2*c. Calculate the highest common divisor of c and s.
27
Let z(b) = -b**2 - 6*b + 1. Let w be z(-4). Suppose -2*p - w = -5. Let j be 26 - (p + 14)*(-1)/3. Calculate the highest common divisor of 45 and j.
15
Let k = 10883 + -10748. Calculate the highest common divisor of 8640 and k.
135
Let w be -32 + 24 - -23*37 - -4. What is the greatest common divisor of w and 56?
7
Let l(u) = 24*u**2 + 745*u + 2988. Let o be l(-4). Calculate the greatest common divisor of 49 and o.
49
Suppose -59 = -o + 85. Let v = -343 + 347. Suppose m + o = v*m. Calculate the highest common factor of 120 and m.
24
Suppose -50*v = -53*v + 165. Let a = 20 - -15. Suppose a = 4*c + 15. Calculate the greatest common factor of v and c.
5
Let q = 18060 + -17754. What is the highest common divisor of 468 and q?
18
Suppose 10*b - 183 - 667 = 0. Let x(j) = -2*j + 21. Let r be x(-15). What is the greatest common factor of r and b?
17
Let l(a) = -2*a. Let i be l(-10). Suppose i + 22 = 3*o + 3*z, -44 = -4*o - z. Let s be 10/4 - (-1)/(-2). Calculate the greatest common divisor of s and o.
2
Suppose 11*s + 6 = 72. Suppose 0 = -s*l + 4*l + 138. What is the highest common factor of l and 3?
3
Let c = 219 + -219. Suppose -3*p + 153 = -4*w, 2*p - 6*w + 7*w - 113 = c. What is the highest common factor of 33 and p?
11
Suppose 30*s - 69*s + 18954 = 0. What is the greatest common factor of s and 2?
2
Suppose -m - 40 = -2*x, 4*x + m - 60 - 20 = 0. Suppose 5*a - 342 = -5*f + 3*f, -x = 5*f. Calculate the greatest common factor of 35 and a.
35
Let y(j) = 29*j**3 + 16*j**2 + 15 - 28*j**3 + 43 + 2*j. Let l be y(-15). Calculate the greatest common factor of 11 and l.
11
Let l = 4187 - 4184. Let w(n) = n**3 + 6*n**2 - n - 3. Let q(k) = k - 1. Let t be q(-5). Let x be w(t). Calculate the highest common divisor of x and l.
3
Suppose -5*d + 52 = -108. Let y = d + -17. Calculate the highest common factor of 75 and y.
15
Suppose v + 4*t = 36, -44 = -5*v + v + 4*t. Let f = -381 - -394. Let y = v - f. Calculate the highest common divisor of y and 9.
3
Suppose -376*g + 55 = -365*g. Suppose -3*l = q - 182 - 551, -3*q = -g*l + 1231. Calculate the highest common factor of 98 and l.
49
Let k be (-4512)/3*(0 + -2). Let t be k/56 + (-2)/(-7). Let s be ((-3)/(-2))/((-4)/(-16)). What is the highest common 